24 + d**3/3 - d**2/2 - 1. Let b(y) be the second derivative of c(y). Let u be b(-7). Give k(u).
4
Let c(m) = 0 + m**2 - 8*m - 2*m + 11. Let l be c(8). Let z(d) = d - 4. Give z(l).
-9
Let d(f) = 8*f**2. Suppose -28 = -5*c - 23. Determine d(c).
8
Let z(x) = -13 - 10*x**2 + 10 - 3*x + 6*x**2. Give z(-2).
-13
Let r(l) = -l**3 - 5*l**2 - 7*l - 5. Let p be r(-4). Let k(u) = -2*u + 1. Calculate k(p).
-13
Let v(s) = -2*s - 2. Let w be (-15)/10 - 18/(-4). Let c = w + -6. Calculate v(c).
4
Let h(u) = u. Let o(v) = 7*v + 5. Let i = -23 + 18. Let y(z) = i*h(z) + o(z). Calculate y(-6).
-7
Let v(r) = -3*r + 4. Let y(j) be the first derivative of -2*j**2 + 6*j + 1. Let q(a) = -8*v(a) + 5*y(a). Calculate q(-2).
-10
Let s(o) = -5*o**2 + 12*o - 4. Let w(c) = 4*c**2 - 11*c + 3. Let h(u) = 5*s(u) + 6*w(u). Determine h(-4).
6
Let w(f) = 3*f + 1. Suppose 11 = -3*b - 2*n, -2 = 2*b + n + 4. What is w(b)?
-2
Let d(l) = -6*l**2 + l. Let z be 0 + 2/(2 - 0). Let k be d(z). Let n(s) = -12 - s**3 + 6 + 4*s**2 - 5*s + 2*s**3. Determine n(k).
-6
Let p(o) = -11*o - 10 + o**2 - o + o - 2*o**2. Let l be p(-10). Suppose -12 = -l*y + 2*y. Let a(f) = -f - 9. What is a(y)?
-3
Let v(n) = 2*n**3 - 8*n**2 + 15*n - 15. Let b(k) = k**3 - 4*k**2 + 8*k - 8. Let p(h) = -11*b(h) + 6*v(h). Give p(4).
6
Let i = 59 - 66. Let a(q) = q**3 + 6*q**2 - 11*q - 6. Determine a(i).
22
Let k(y) = 2*y**2 - 4*y + 4. Let u be k(2). Suppose 10 = 2*j + u. Let c(n) = n**3 - 5*n**2 + 3*n + 4. Determine c(j).
-5
Let b = 1 - -1. Let r(a) be the first derivative of -a**5/60 + a**4/8 + a**3/6 - a**2 - 2. Let c(l) be the second derivative of r(l). Determine c(b).
3
Let i(j) = j + 2. Let r(m) = 3*m - 5. Let y be r(-5). Let b = y - -22. Determine i(b).
4
Let i(c) = c. Suppose -2*j + 6 = 2. Determine i(j).
2
Suppose 11 = -i - 3*a - 0, -5*a - 17 = 3*i. Let f(u) be the third derivative of u**4/3 + u**3/6 + 2*u**2. Determine f(i).
9
Let p(j) be the third derivative of -j**5/60 - j**3/6 - 11*j**2. Calculate p(-2).
-5
Let c be 19/3 - (-2)/(-6). Let g(p) = -4*p - 6*p + 4 + 5 - 4*p. Let t(w) = -5*w + 3. Let f(z) = -4*g(z) + 11*t(z). Give f(c).
3
Let f(x) = -2*x. Let v be f(-1). Let o(q) = -5*q + q**v + q - 3*q + 1 + 5. What is o(6)?
0
Suppose -38*r = -27*r. Let d(v) = v**3 + 6*v**2 - 6*v + 1. Let k(x) = x**3 + 5*x**2 - 5*x + 2. Let g(z) = 5*d(z) - 6*k(z). Determine g(r).
-7
Let g(i) = -i**3 + 6*i**2 + i - 2. Let f be g(6). Let l(t) = -t**2 - 4*t + 5. Let m(y) = y**2 + 4*y - 4. Let h(w) = f*m(w) + 3*l(w). Give h(-2).
-5
Let b(x) = 13*x**2 + 10*x + 10. Let t(c) = 7*c**2 + 5*c + 5. Let n(h) = -6*b(h) + 11*t(h). Suppose w + 3*r + 1 - 9 = 0, -5*w + 5*r = 40. Calculate n(w).
-1
Let a(x) = -x**2 - 3*x - 3. Suppose -3*r - 45 = 5*k, 4*r + 45 = -2*k - 3*k. Let d = -5 - k. Suppose -d*o - o = 15. Determine a(o).
-3
Let b(g) = g - 6 + 3 + 1 + 5. Determine b(-8).
-5
Let m be 470/(-70) + 2/(-7). Let t(o) = o**2 + 8*o + 4. Determine t(m).
-3
Let f(j) = j**2 + j + 2. Let p be f(0). Let x = -6 + 9. Let t(m) = -3*m - 1 + 2*m - m**p + x*m. What is t(4)?
-9
Let h = 0 - -2. Let p(q) = -6*q - 2 + 0*q**2 + 2*q**2 + h*q**2 - 3*q**2. Determine p(6).
-2
Let j(o) be the first derivative of o**2/2 + 36. Let u = 1 + -3. What is j(u)?
-2
Let d(r) = -r**2 + 15*r + 5. Let s be d(15). Let z(j) = 2*j + 4. What is z(s)?
14
Let y(a) be the third derivative of -a**5/60 + 5*a**4/12 + a**3/6 - 7*a**2. Give y(10).
1
Let f(c) = 5*c + 2*c + c**2 - 3*c + 29 - 31. Give f(3).
19
Let k(s) = s**3 + s**2 + 5. Let n(p) = -2*p**3 - 2*p**2 - 6. Let y(r) = -3*k(r) - 2*n(r). What is y(0)?
-3
Let p = 7 - 13. Let q(g) = -6*g**3 - 6*g**2 + 2*g + 7. Let s = -30 + 17. Let c(d) = 12*d**3 + 13*d**2 - 4*d - 15. Let t(k) = p*c(k) + s*q(k). Give t(-1).
-5
Let h(s) = 4*s + 2. Let x = -122 - -120. What is h(x)?
-6
Let r = -11 + 15. Suppose r*q - 3*z = -2, 4*q + 2*z + 4 = 12. Let m(t) = -7*t. Give m(q).
-7
Let h be (2 - -3 - 1) + (0 - 0). Let i(l) = -3*l + 5. What is i(h)?
-7
Let q(u) = -7*u**2 + 4*u - 7. Let p(b) = 3*b**2 - 2*b + 3. Let r(c) = 5*p(c) + 2*q(c). Let g = 79 - 77. Determine r(g).
1
Let g = 14 - 9. Let x = 9 - g. Let w(u) = 5 + 4*u - u - x. Give w(1).
4
Let x(d) = d**2 + 8*d - 1. Let t be (-51)/7 - (5 + (-148)/28). What is x(t)?
-8
Let w = 10 + -6. Let c(t) = t**3 + w*t**3 + 2 - 1 - t**2. Let g(u) = u**2 - 3*u + 1. Let x be g(3). Calculate c(x).
5
Suppose 5*r - 5*s = 11 + 19, 5*s + 10 = 0. Let h(g) = -g**3 + 4*g**2 + g - 5. Calculate h(r).
-1
Let r(a) be the second derivative of a**4/12 - a**3/6 - a**2/2 - 6*a. Determine r(4).
11
Let a(d) = -d. Let o = 27 + -24. Give a(o).
-3
Let h(o) = o**3 - 9*o**2 - o + 11. Let n be h(9). Let y(b) = 6 + 7*b**2 + 0*b**2 + 3*b**n - 4*b**2 + b + b**3. Give y(-6).
0
Let f(i) = i**3 + 2*i**2 + 5*i - 2. Let n be (5/4 - 2)*-4. Let m(x) = -n*x**2 + 0*x**2 - 4*x + 3 - 2*x**3 - 5*x. Let c(r) = -7*f(r) - 4*m(r). What is c(2)?
4
Let l(j) = j - 3. Let k(d) = 4. Let h(z) = 3*k(z) + 2*l(z). Let p be 17/(-4) + (-7)/(-28). Calculate h(p).
-2
Let r(q) be the third derivative of q**8/6720 + q**7/630 + q**5/30 - q**4/8 - 2*q**2. Let c(m) be the second derivative of r(m). Give c(-4).
4
Let x(j) = -j**2 - 5*j + 2. Let q = 3 - 7. Determine x(q).
6
Let r(m) = -m - 10. Let s be ((-6)/2)/(6/(-4)). Let u(v) = -1. Suppose -28 = 7*q - 5*q. Let x(n) = q*u(n) + s*r(n). What is x(-6)?
6
Let b(h) = h**2 - 7*h - 7. Let i = 34 + -27. Give b(i).
-7
Let f(y) = 32 + 30 + 2*y - 62. Let j = 1 - 3. Give f(j).
-4
Let p(c) = 2*c**3 + 6*c + 2. Let q(z) = z**2 + z. Let v(i) = p(i) - 4*q(i). Determine v(2).
6
Let r(n) = -n**2 - 4*n - 3. Suppose l = -l + 30. Suppose -4*m - l = -39. Let c = m - 9. Determine r(c).
0
Suppose -3 = -4*m + m + 3*h, -3*m + 4 = -4*h. Let o(z) = -z - 4. Give o(m).
-4
Let j be -3*(2 + -1) + 6. Let a(g) = g**2 - 2*g + 2. Let f be a(j). Let t(o) = -3 + 1 + 0 - o. Give t(f).
-7
Let h(x) be the third derivative of x**8/20160 - x**7/2520 + x**6/720 - x**5/10 - 6*x**2. Let r(v) be the third derivative of h(v). What is r(-2)?
9
Let n(k) be the first derivative of -k**4/4 + 2*k**3/3 + 1. Let h be (-7)/(-3) + 2/(-6). What is n(h)?
0
Let c(j) be the first derivative of j**2/2 - 4*j - 8. Suppose 0 = 3*l + p + 4, 7*l + 16 = 3*l - 4*p. Let i be c(l). Let m(a) = 2*a + 6. Determine m(i).
-2
Suppose 4*m - 24 + 8 = -4*c, 3*m - 24 = -5*c. Let x(z) = -z**3 + 6*z**2 - 2*z + 6. Give x(c).
-6
Let o = -134 - -134. Let h(s) = -2*s + 3*s - 2*s - 5 + 5*s**2. Let f(j) = 4*j**2 - j - 4. Let v(t) = 6*f(t) - 5*h(t). Give v(o).
1
Let r(w) be the first derivative of -w**5/30 + w**4/12 - 2*w**2 - 1. Let j(x) be the second derivative of r(x). Determine j(2).
-4
Suppose -6 = -4*b + 62. Suppose -3*x + 51 = -5*t - 0*t, t + b = x. Suppose -3*m - 2*d = -x, -3*m - 2*m = -3*d - 22. Let o(g) = -g - 1. Give o(m).
-6
Let l = 12 - 7. Let z = -1 + l. Let g(k) = -1 - z - 4 - k. Determine g(0).
-9
Let p(v) be the second derivative of -v**5/20 - v**4/4 - v**3/6 + 2*v**2 + v. Let s = -9 - -6. What is p(s)?
7
Let u(c) be the third derivative of c**4/12 - 5*c**3/6 - 4*c**2. Calculate u(5).
5
Let a = 1 + 1. Let q(r) = 5 - r - r**2 + 7*r + 2*r**a. Suppose 0 = -t - 4*n - 9, -n = -5*t + 3*n - 21. What is q(t)?
0
Suppose -4*s = -2*s - 8. Let a(k) = 3 + s*k + 2*k**2 - 8 + 4. Calculate a(-3).
5
Let y(w) be the second derivative of -w**5/20 + w**4/4 + w**3/3 + w**2/2 + 14*w. Determine y(3).
7
Let t(c) be the second derivative of 11*c**5/20 + c**4/6 + c**3/3 + c**2/2 + 9*c. Determine t(-1).
-10
Suppose 4*v = 6*v - 4. Let s(k) = -3*k + 5 - k**2 + v*k + 0*k**2. Let z be (-2 + 3)*(1 - 1). Calculate s(z).
5
Let o(s) = s**3 - 9*s**2 + 9*s - 10. Let a be o(8). Let d = -2 - a. Let i = d + -4. Let l(t) = -t**2 - 3*t + 5. What is l(i)?
1
Let h(j) = -38 - 4*j + 5*j + 0*j + 39 + 2*j**3. Calculate h(2).
19
Let g(v) be the first derivative of -2*v**3/3 + v**2/2 + v - 2. Let w(t) = t**3 + 10*t**2 - t - 10. Let p be w(-10). Suppose -3*s + 4*s + 1 = p. Give g(s).
-2
Let p(u) be the first derivative of u**5/60 - u**4/24 + u**3/2 - u**2/2 - 1. Let l(q) be the second derivative of p(q). Calculate l(0).
3
Let s(a) be the second derivative of a**5/20 - a**4/3 + 2*a**3/3 - 2*a**2 + 17*a. What is s(3)?
-1
Let v(r) = 2*r - 3. Let t(q) = -q + 2. Let c(w) = -5*t(w) - 3*v(w). Let b = 1 + 2. Give c(b).
-4
Let g(c) be the third derivative of c**5/